 - 5. Let p(c) = -4*c**2 - 14*c - 7. Let j(h) = -h**2 - 2. Let i(z) = s*j(z) - p(z). Give i(-13).
-12
Let l(x) = 7*x - 9. Let b = 16 - 14. Let t be l(b). Suppose a - t = -1, 42 = 3*g + 3*a. Let d(i) = -i**3 + 11*i**2 - 12*i + 15. Determine d(g).
-5
Let h = 122 - 124. Let p(f) = -67*f + 150*f - 74*f + 1. Give p(h).
-17
Suppose 22*m - 23*m + 99 = 0. Let o = 95 - m. Let g be -11 - (o + 1) - 3. Let s(i) = -i**3 - 12*i**2 - 12*i - 13. Determine s(g).
-2
Let g = 56 + -39. Let p(b) = b**2 - 17*b - 2. Let k be p(g). Let v(t) = t**2 + t. Calculate v(k).
2
Let m(k) = -2*k + 17. Suppose 0 = 8*i - 374 + 406. Let f be i*((92/(-16) - 0) + 3). Give m(f).
-5
Let h(d) be the first derivative of -d**3/3 + 15*d**2/2 - 20*d - 601. Let f be (-3)/(-2 - (-100)/56). What is h(f)?
-6
Suppose 2*w = -2*p + 7*p - 20, -6 = 3*p. Let y(k) = -11*k**3 + 21*k**2 + 72*k - 4. Let o(i) = -2*i**3 + i**2 + 12*i. Let z(b) = 6*o(b) - y(b). Calculate z(w).
4
Let n(y) = 3*y**3 - 9*y**2 + 3*y - 2. Let h be n(3). Let k(s) = 42*s - 11*s - 7*s + h - 13*s - 12*s. Let a be (-1 + -2)*2/(-2). Determine k(a).
4
Let k = 2888 + -2875. Let b(r) = 20 + 4*r - 4*r - r - 2. Calculate b(k).
5
Let d(c) = c**2 - c + 3. Suppose -22*b + 21*b = 5*j - 5, 5*j + 5*b - 25 = 0. Calculate d(j).
3
Let t(n) be the first derivative of -n**3/3 - 7*n**2 + 9*n - 1123. Give t(-13).
22
Let h(j) = -18*j - 253. Let m(r) = -10*r - 128. Let z(c) = 6*h(c) - 13*m(c). Give z(-6).
14
Suppose i = -4 + 5. Suppose i = -3*v + 4*v. Let g(n) = -3*n**2 + n**3 + 0 + 7 - 4 - v. Determine g(2).
-2
Let m(h) be the third derivative of -h**5/60 + h**4/8 + 7*h**3/2 + 5*h**2 - 75*h. Calculate m(5).
11
Let q(h) be the second derivative of h**6/60 - h**5/15 + h**4/12 + h**3/6 - 87*h**2/2 + 44*h. Let w(r) be the first derivative of q(r). Give w(2).
5
Let i(a) = -4*a**2 + 400*a + 3*a**2 + 1 - 404*a. Let d be i(2). Let x(w) = -w**2 - 10*w + 8. Calculate x(d).
-3
Let f(u) = 5*u + 1. Suppose 7*s + 4*s = 264. Suppose 70*y + s = 76*y. What is f(y)?
21
Suppose -4 = 5*w + 12*b - 11*b, 0 = -6*b + 36. Let a(o) = -o**3 + o**2 + 5*o. Determine a(w).
2
Suppose 67*o - 2*m + 9 = 70*o, o + m - 2 = 0. Suppose 0 = -3*q - 3 + 9. Let a(x) = 0 - x**2 + 2*x + q + 1. Calculate a(o).
-12
Let f(q) = -q**2 - q - 19. Suppose -123*l = -2*p - 127*l - 26, -2*l + 5 = -p. Calculate f(p).
-91
Let m(t) = t**2 - 14*t - 4. Let o(b) = 2*b**2 - 29*b - 9. Suppose 4*p + 27 = 3*q, 2*q - 13 - 8 = 3*p. Let y(v) = p*m(v) + 4*o(v). Give y(8).
16
Let a(p) = -p**3 - 48*p**2 - 172*p + 175. Let q(y) = -y**3 + 9*y**2 - 14*y + 82. Let j be q(9). Give a(j).
-1
Let c(s) be the third derivative of s**4/24 - 7*s**3/6 - 5*s**2 - 6. Suppose 6 = 5*h - 2*h, -3*h = 4*n - 26. Let w be n/(-20) + (-39)/(-12). Calculate c(w).
-4
Let l(v) = 9*v**2 + v + 1. Suppose 5*z - 367 = -3*b, -b - 2 = b. Let i = z - 75. What is l(i)?
9
Let k(p) be the second derivative of -p**5/20 - 3*p**4/2 - 3*p**3 - 5*p**2 - 4*p + 17. Determine k(-17).
7
Suppose 2*t = 0, -3*j + 4*t = -0*t - 15. Let x(y) = y**3 - 4*y**2 - 5*y - 2. Let a be x(j). Let r be -1 + 2 - 1 - a. Let d(g) = -3*g + 1. Calculate d(r).
-5
Let k be (-4)/6 + -1 + 4/(-12). Let t(x) = x**2 - x - 3. Let c be t(k). Suppose -c*f + 6 = -9. Let m(b) = -b**2 + 5*b - 7. Give m(f).
-7
Let d = 0 + 3. Let s(w) = 21*w**2 + 4*w - 3. Let n(r) = 41*r**2 + 7*r - 5. Let h(y) = d*n(y) - 5*s(y). Let p = 10259 + -10258. Determine h(p).
19
Let o(t) be the first derivative of -1/2*t**2 - 104 + 11*t. Calculate o(8).
3
Let r(d) = d**3 + 8*d**2 - 12*d - 10. Let b(w) = -3*w + 1. Let v(f) = 6*b(f) - r(f). Determine v(-6).
-20
Suppose 54 = v + v + 3*c, -2*v = -5*c - 22. Suppose -5*z - v + 216 = 0. Let f(j) = -j + 24 - z + 23. What is f(0)?
8
Let t(v) = 3*v**2 - 4*v + 2. Let g(p) = p**3 + 14*p**2 + 22*p - 3. Let r = -231 + 229. Let n be g(r). What is t(n)?
1
Let g(d) = 20*d**2 - 20*d**2 - 8*d + 2*d**2 + 5 + 3. Determine g(4).
8
Let d(j) = j**2 - 4*j + 7. Let l be d(3). Suppose y + a + 0*a = 7, 0 = -l*y - a + 16. Let z(o) = 5*o - 7*o - y*o - 1. Determine z(3).
-16
Let m(f) = 12*f - 67. Let x(l) = l**2 + 106*l + 1726. Let y be x(-20). Calculate m(y).
5
Let l(u) be the second derivative of 11/2*u**2 + 8 + 13*u + 1/6*u**3. Determine l(-8).
3
Let m(t) be the first derivative of -t**3/3 + 4*t**2 + 157*t + 3974. Give m(17).
4
Let z(b) be the second derivative of -1/6*b**3 + 5*b + 3*b**2 + 0. Let c(j) = 5*j**2 + 20*j + 5. Let q be c(-4). Calculate z(q).
1
Suppose -56*m + 285 = -51*m. Let v(o) = 19*o**2 - o**3 - 8*o + 29*o**2 - m*o**2. Calculate v(-8).
0
Let q(a) = 4*a - 248 + 110 + 193. What is q(-12)?
7
Suppose b + 13 = 2*f + 1, 30 = 5*f + 5*b. Let n(t) = -3*t + 4*t + f - 16. Let u be -8 + 6 + 10 - (-8 + 8). Give n(u).
-2
Let x(w) = -9*w - 13. Let f(k) = -11*k - 14. Let r(l) = 4*f(l) - 5*x(l). Let h(t) = -2*t - 10. Let o(s) = 4*h(s) + 5*r(s). What is o(5)?
-10
Let n(k) be the third derivative of -k**7/1260 - k**6/80 + 9*k**5/20 - 4*k**2 + 6*k. Let b(g) be the third derivative of n(g). Give b(-4).
7
Suppose 10 = 3*z - 4*c - 15, -5*z - 3*c = -32. Suppose -4*d + 4 = -2*d. Let p(r) = 5 + 1 - 2*r + r**d - 16 + 4. Determine p(z).
29
Let y(z) be the second derivative of -z**5/20 - z**4/6 - z**3/2 - 8*z**2 + 790*z + 1. What is y(-3)?
2
Suppose 8 = -r - c, r - c + 14 = 16. Let u(d) = -19*d - 51. Calculate u(r).
6
Let z be -8 - 6/(1 + 2). Let b(n) be the first derivative of -n**2/2 - 6*n - 9236. Give b(z).
4
Let c(m) = -2*m + 23*m**2 - 7*m**2 - 1 - 1. Let k be -10 - (75/100)/((-105)/(-36) + -3). Determine c(k).
16
Let v(k) = -k**3 - 2*k - 3. Let q(d) = -2*d + 26. Let x be q(12). Suppose 5*c = 3*i + x*i - 265, 215 = -4*c + i. Let s = -56 - c. What is v(s)?
9
Let c(r) = 14*r + 7. Let n(p) be the second derivative of -3*p**2 + 0 + 21*p - 13/6*p**3. Let f(s) = 5*c(s) + 6*n(s). Determine f(-1).
7
Let a be ((-14)/(-8))/(-4 + 132/32). Let n = a + -93. Let t = n + 70. Let z(m) = -m**2 - 11*m - 10. Give z(t).
8
Let u = 14 - 14. Let m(v) be the third derivative of -v**6/120 + v**5/60 + v**4/24 - 2*v**3/3 + 9*v**2 + 99*v. Calculate m(u).
-4
Let s(l) = 4*l - 12. Let u = -365 + 370. Let z be s(u). Let h(o) = -o + 11. What is h(z)?
3
Let c(s) = s - 8. Suppose -53*u = -57*u + 4. Let y = -5 - u. Let j(z) = z**3 + 5*z**2 - 5*z + 13. Let w be j(y). What is c(w)?
-1
Let u(q) be the third derivative of q**4/24 + 7*q**3/6 - q**2 - 6*q. Let j = -10 + 10. Let f = -7 + j. Give u(f).
0
Let j(a) = -1 + a - 805*a**2 + 6 - 844*a**2 + 1648*a**2 + a**3. Let u = 0 + 0. What is j(u)?
5
Let c(a) be the second derivative of -a**5/20 + 5*a**4/12 - a**3/3 + 8*a**2 + 14*a - 43. What is c(5)?
6
Let w(q) = 48 - 2*q**2 - 16 - 37 - 6 - 31*q - 34. What is w(-12)?
39
Let n(w) = 2*w**3 + 15*w**2 + 64*w - 205*w + 5 + 105*w + 49*w. Determine n(-7).
-37
Let p(l) = -2*l**3 - 18*l**2 - 15*l + 14. Let k be 7 + 79/(-5) + (-408)/(-510). Calculate p(k).
6
Let j(d) = -d**3 + 3*d**2 - 4*d + 3. Suppose -3*s + 9 = 0, 4*v - 118 = s + s. Let n = v + -10. Suppose -n = -4*f - 3*f. What is j(f)?
-9
Let j(i) = -i**3 + 3*i**2 + 18*i + 3. Let a be j(6). Let z(v) = 20 + a*v**2 + v + v**3 - 17 - 5. Let s(y) = y - 9. Let c be s(7). Calculate z(c).
0
Let o be -1*(-13 + 12/4) + 2. Let q = o + -5. Let k(a) = -2 + 7*a**2 - a**3 - 2*a**2 + 1 + 2 + q*a. Calculate k(6).
7
Let z(w) = -12*w + 257. Let x be (-49)/(-14)*(-1 - (-7)/1). What is z(x)?
5
Let w be 5/(-9)*-3*3. Let l(x) = -w*x - x**2 - 8*x + 5*x - 6. Let k be (84/18)/((-98)/147). Determine l(k).
1
Let c(q) = q**2 - 2 - 5*q - 5 - 2*q. Suppose 2520*x - 2511*x - 63 = 0. Calculate c(x).
-7
Suppose 2*v = -3*i + 104, -3*v - 4*i - 46 + 203 = 0. Let r = 64 - v. Let b(f) be the third derivative of f**4/24 - 5*f**3/2 - 27*f**2. Calculate b(r).
-6
Let l(w) = -3*w + 5. Let p(q) be the first derivative of -q**3/3 + q**2 + 72*q - 63. Let z be p(-7). Give l(z).
-22
Let b(r) = 2*r**2 - 48*r - 5. Suppose 2*z - 2*j - 40 = 0, -26*z + 27*z = 4*j + 8. Give b(z).
-5
Suppose 5*h + 62 - 306 = 2*q, -3*q = -9. Suppose 28*y = -437 + 1921. Let o = y - h. Let a(b) = 2*b**2 - 3*b - 4. What is a(o)?
5
Let q(i) = -11. Let j(y) = y + 22. Let k be (2 + 1)*(-7 - -7 - 1). Let a(m) = k*j(m) - 7*q(m). Determine a(5).
-4
Let u(p) be the first derivative of p**4/4 - 4*p**3/3 + 2*p**2 + p - 7114. Suppose -15 = -7*z + 2*z. Give u(z).
4
Suppose -7*h + 36 + 76 = 0. Su